) - 6.
7, 107
Let q = -3532 - -4997. Suppose -2*s - 5*f + q = 0, 0 = -2*s - 3*s - f + 3720. List the prime factors of s.
5, 149
Let r(w) = -10*w + 8. Let v be r(16). What are the prime factors of (-24)/72 + v/(-6)?
5
List the prime factors of (-289684)/(-30) - (-8 + 1708/210).
2, 17, 71
Suppose -5*i + 6 = 16, 2*s = 4*i + 4184. Let z = -1169 + s. Suppose -13*a + 1239 + z = 0. What are the prime factors of a?
2, 83
Let v(h) = -196*h + 7036. List the prime factors of v(-73).
2, 23, 29
Let b = 18 - 58. Suppose 0 = -p - y - 34, 4*p - 7*y + 145 = -2*y. Let x = p - b. What are the prime factors of x?
5
Let m be (-4)/((-12)/4 + (3 - 2)). Let d = 620 + -340. Suppose -m*p - 5*p + d = 0. List the prime factors of p.
2, 5
Suppose 5*x + 290 = 4*z, -z - 5*x - 150 = -3*z. Suppose 14*s + 1134 = 77*s. Let v = z + s. List the prime factors of v.
2, 11
Let u(g) = -g. Let x(d) = -24*d - 51. Let w(s) = -u(s) + x(s). Let y be w(12). Let c = 479 + y. List the prime factors of c.
2, 19
Let o = 9357 + -4246. List the prime factors of o.
19, 269
Let p = 132 + -138. Let a(f) = 9*f**2 + 7*f + 52. List the prime factors of a(p).
2, 167
Let u be -2 - (1526/18 - (-4)/18). Let d = u - 190. Let s = 406 + d. List the prime factors of s.
3, 43
Let z(t) = 6*t**3 - 2*t**2 - 6*t + 7. Let m be z(1). Suppose 39*n - m*n = 28900. What are the prime factors of n?
2, 5, 17
List the prime factors of 6/(-27) - 96250/(-18).
5347
Suppose -38*q = -59681 - 32469. What are the prime factors of q?
5, 97
Let h(k) = -k**3 - 14*k**2 - 16*k - 2. What are the prime factors of h(-17)?
3, 379
Let r(u) = -2*u**2 - 6*u - 3. Let q = 35 - 34. Let k(j) = -j**2. Let c(w) = q*k(w) - r(w). List the prime factors of c(-11).
2, 29
Let n = 2099 + -94. What are the prime factors of n?
5, 401
Let a(n) = -538*n - 2680. What are the prime factors of a(-44)?
2, 41
Suppose -k + 12 = 3*k. Let t be k/(-3) + 1305/3. Let x = t - 302. List the prime factors of x.
2, 3, 11
Let q = 107 + -102. Suppose -12 = -2*f - 4*d, -5*f - 6*d + q*d = -12. What are the prime factors of ((-69)/f)/((-1)/2)?
3, 23
Let w(r) = 3*r**2 + 3*r + 11*r**3 - 18 + 4*r**3 - r**3 - r**3. List the prime factors of w(3).
3, 41
Suppose -x + 3424 = 4*w, 0 = -0*w - w - 2*x + 856. Let r = w - 524. List the prime factors of r.
2, 83
Suppose 24*a = 14*a + 14030. Suppose -11080 - a = -19*p. List the prime factors of p.
3, 73
Let q be 1*-20*30/(-12). Suppose -q*u = -57*u + 2422. List the prime factors of u.
2, 173
Let d be 28/(-8)*(-3 + (3 - 2)). Suppose -7245 = d*i - 12*i. List the prime factors of i.
3, 7, 23
Let n be (-2 - -3)*(8 - -9). Suppose 0 = n*v - 6957 - 1288. What are the prime factors of v?
5, 97
Let k(u) = -5176*u - 7635. What are the prime factors of k(-7)?
28597
Suppose 0 = h + 3*j - 23 - 12, h - 23 = j. Suppose -h - 93 = t. Let i = 206 + t. List the prime factors of i.
3, 29
Let g(x) = 9*x**2 + 6*x + 5. Let l be g(-6). Suppose 14*n - 9*n + 862 = -4*w, 2*w = 4*n + 674. Let z = l + n. What are the prime factors of z?
3, 41
Let u(f) be the first derivative of f**3/3 + 2*f**2 - 393*f + 155. What are the prime factors of u(-40)?
3, 349
Let q(w) = 2*w**2 - 16*w + 54. Let c be q(6). Let r = 7 + c. List the prime factors of r.
37
Suppose 213*b - 69*b - 969951 = 1256145. What are the prime factors of b?
3, 5153
Suppose -7 = -u - x, 4*x - 8 - 2 = 5*u. Suppose 0*r - r - 126 = -l, u*l + 5*r - 231 = 0. List the prime factors of l.
3, 41
Let r(w) = 5*w**2 + 75*w - 687. List the prime factors of r(31).
17, 379
Let o(d) = 2*d + 18. Suppose -j = -4*j + 5*g + 50, 8 = -2*g. Let i be o(j). Let k = i - -70. List the prime factors of k.
2, 3
Let u = -136 - -141. Suppose 3*y - n = 698, 6*y - 4*n - 229 = u*y. List the prime factors of y.
233
Let u be (-2)/(7 + 357/(-49)). Let h(l) be the second derivative of l**4/6 + l**3 + 5*l**2 - l. What are the prime factors of h(u)?
2, 3, 5
Suppose -d + 33 = -4*m, 5*d - 4*d = -3*m + 12. Let y = 113 + -64. Let z = y - d. List the prime factors of z.
2, 7
Suppose 22*l = 23*l - 55. Suppose 5*o + y = -328, 0 = -4*o + 3*o - 2*y - 62. List the prime factors of (o/l)/(2/(-230)).
2, 3, 23
List the prime factors of 8943 + 5/(95/(-114)).
3, 331
Let v be -4*(0 - -1 - 2). Let a be -2*(4 - 22/v). Suppose 66 = 5*q - 4*m - 64, 0 = a*q + 3*m - 105. List the prime factors of q.
2, 3, 5
Let h(o) = -11089*o - 981. List the prime factors of h(-1).
2, 7, 19
What are the prime factors of (68/13)/(724/1971814)?
2, 17, 419
Suppose -4641*s = -4626*s - 116535. List the prime factors of s.
17, 457
Let v(g) be the third derivative of -7/8*g**4 + 0*g + 0 + 7/3*g**3 + 9*g**2. What are the prime factors of v(-4)?
2, 7
Let m(w) = -2*w + w + 10*w + 4 + 55*w**2 + w - 3*w. List the prime factors of m(4).
2, 3, 19
Let f = 346 - -635. Suppose -5*b + 529 = -f. List the prime factors of b.
2, 151
Let b = -54 + 56. Let j be ((-7)/(105/6))/(b/(-20)). Suppose -2*m + j = -246. List the prime factors of m.
5
Let z(u) = -40*u**3 + u**2 - u - 2. Let g be z(-1). List the prime factors of ((-448)/g)/((-3)/45).
2, 3, 7
What are the prime factors of (-2 - (-4914)/9) + 10?
2, 277
Suppose -4*q - 4*r = -5*r - 4077, 0 = 3*q + 3*r - 3054. Let o = 2113 - q. List the prime factors of o.
2, 547
Suppose 3*i - 9344 - 12595 = 0. What are the prime factors of i?
71, 103
Let p = 17748 + -11530. List the prime factors of p.
2, 3109
Let a(k) = 3*k**2 + 229*k + 283. What are the prime factors of a(-84)?
5, 443
Let u be 1 - -7 - (25 - 24). Suppose -3010 = -u*p + 6692. What are the prime factors of p?
2, 3, 7, 11
Let z be 3/((-2 - 3 - -2)/(-3950)). Suppose -836*d + z = -831*d. List the prime factors of d.
2, 5, 79
Suppose 3*w + 9 = -3. Let x(y) = y**3 + 6*y**2 + 7*y. Let t be x(-3). What are the prime factors of 13/(t + w - 1)?
13
Let r = -190 + 209. Let g = -26 - -9. Let b = r + g. List the prime factors of b.
2
Suppose -23*a + 22*a + 5 = 0. Suppose 0 = 2*x + w + 2*w - 23, -a*x - 5*w = -45. List the prime factors of 558/(-3)*(-6)/x.
3, 31
Let d = 72 + -51. Suppose 25*f = 18*f + d. List the prime factors of 95 - (2 - f) - 1*-3.
3, 11
What are the prime factors of -5*(-1)/(-5)*(-1664 - (-2 + 6))?
2, 3, 139
Suppose -z = 4*w - 24 - 24, 0 = -3*w + 2*z + 47. Let c = w - -127. What are the prime factors of c?
2, 5, 7
Let a = 33248 - 11535. What are the prime factors of a?
21713
Let p = -33911 - -61840. List the prime factors of p.
11, 2539
Suppose 0 = 64*g - 63*g - 642. Suppose -q + 2106 = 3*c, -2*c + 755 = 3*q - g. List the prime factors of c.
19, 37
Let w(h) = 1770*h + 16567. What are the prime factors of w(45)?
11, 8747
List the prime factors of 6/(-15)*-42843 + -1*(-4)/(-20).
17137
Suppose c - 14412 = -5*m, 0 = c + 133*m - 136*m - 14420. What are the prime factors of c?
13, 1109
Let a(d) = -148*d**3 - d**2 - 55*d - 241. What are the prime factors of a(-4)?
3, 5, 17, 37
Let i = 3287 - 1267. Suppose -i = -3*h - 406. List the prime factors of h.
2, 269
Suppose -5*b + 4664 = 2*d, 4*d + 186 - 9540 = 3*b. What are the prime factors of d?
3, 19, 41
Let s be (-6)/(6/(-13)) - 0. Suppose -2*w + 538 = -4*n, s*w - 5*n = 14*w - 248. List the prime factors of w.
263
Suppose -5*s + 4534 = m - 2730, 5*m - 2*s - 36374 = 0. Suppose 0 = -2*t - 4, -3*h - 2123 = -3*t - m. What are the prime factors of h?
5, 7
Let j = 6630 + -4553. What are the prime factors of j?
31, 67
Let s = 5757 + 9459. What are the prime factors of s?
2, 3, 317
Let w be (2/3)/(3 + (-498)/162). Let a be 110/w + (60/27 - 2). List the prime factors of (-89 + 2)*(a - -11).
3, 29
Let u be (4/(-6))/(2/(-93)). Let m = 28 - u. List the prime factors of -1 - (3 - (32 - -2 - m)).
3, 11
Let m(j) = -j**3 - j**2 + 6*j + 445. Suppose -z + 4*z - b + 2 = 0, 2*z + 2*b = 4. What are the prime factors of m(z)?
5, 89
Suppose 122*i = 245*i - 129*i + 1272. List the prime factors of i.
2, 53
Let z = -39 + 70. Let i(y) = -6*y - 6 - 3 + 0 + z*y. What are the prime factors of i(5)?
2, 29
Suppose 2*j - 3*d = 24191, 41*d - 48371 = -4*j + 36*d. List the prime factors of j.
2, 6047
Let z be 8/(-12) + 82/6. Let n be 3 + -1 + z + -12. Let k(b) = 33*b + 6. What are the prime factors of k(n)?
3, 5, 7
Suppose -259*k = -263*k + 4*x + 191072, -238864 = -5*k - 3*x. List the prime factors of k.
23, 31, 67
Suppose 9*s = 10516 + 15656. Suppose s = 2*z + 650. What are the prime factors 